{"id":3548,"date":"2021-02-18T11:28:47","date_gmt":"2021-02-18T10:28:47","guid":{"rendered":"https:\/\/apple.econocom.com\/business\/?page_id=3548"},"modified":"2026-03-11T10:55:28","modified_gmt":"2026-03-11T09:55:28","slug":"accueil-landing-2-2-2-2","status":"publish","type":"page","link":"https:\/\/apple.econocom.com\/business\/","title":{"rendered":"Accueil landing 2022"},"content":{"rendered":"<p>&nbsp;<\/p>\n<p>&nbsp;<\/p>\n","protected":false},"excerpt":{"rendered":"<p class=\"excerpt\">&nbsp; &nbsp;<\/p>\n","protected":false},"author":10,"featured_media":0,"parent":0,"menu_order":0,"comment_status":"closed","ping_status":"closed","template":"page-accueil.php","meta":{"_acf_changed":false,"inline_featured_image":false,"footnotes":""},"class_list":["post-3548","page","type-page","status-publish","hentry"],"acf":[],"yoast_head":"<!-- This site is optimized with the Yoast SEO plugin v27.3 - https:\/\/yoast.com\/product\/yoast-seo-wordpress\/ -->\n<title>Apple Econocom Business by Econocom - D\u00e9ployer Apple en entreprise<\/title>\n<meta name=\"description\" content=\"D\u00e9couvrez l&#039;offre 360 d&#039;Econocom pour r\u00e9ussir votre projet : approvisionnement, services, gestion de parc, s\u00e9curit\u00e9, financement...\" \/>\n<meta name=\"robots\" content=\"index, follow, max-snippet:-1, max-image-preview:large, max-video-preview:-1\" \/>\n<link rel=\"canonical\" href=\"https:\/\/apple.econocom.com\/business\/\" \/>\n<meta property=\"og:locale\" content=\"fr_FR\" \/>\n<meta property=\"og:type\" content=\"article\" \/>\n<meta property=\"og:title\" content=\"Apple Econocom Business by Econocom - D\u00e9ployer Apple en entreprise\" \/>\n<meta property=\"og:description\" content=\"D\u00e9couvrez l&#039;offre 360 d&#039;Econocom pour r\u00e9ussir votre projet : approvisionnement, services, gestion de parc, s\u00e9curit\u00e9, financement...\" \/>\n<meta property=\"og:url\" content=\"https:\/\/apple.econocom.com\/business\/\" \/>\n<meta property=\"og:site_name\" content=\"Apple Econocom Business\" \/>\n<meta property=\"article:modified_time\" content=\"2026-03-11T09:55:28+00:00\" \/>\n<meta name=\"twitter:card\" content=\"summary_large_image\" \/>\n<meta name=\"twitter:label1\" content=\"Dur\u00e9e de lecture estim\u00e9e\" \/>\n\t<meta name=\"twitter:data1\" content=\"13 minutes\" \/>\n<script type=\"application\/ld+json\" class=\"yoast-schema-graph\">{\"@context\":\"https:\\\/\\\/schema.org\",\"@graph\":[{\"@type\":\"WebPage\",\"@id\":\"https:\\\/\\\/apple.econocom.com\\\/business\\\/\",\"url\":\"https:\\\/\\\/apple.econocom.com\\\/business\\\/\",\"name\":\"Apple Econocom Business by Econocom - D\u00e9ployer Apple en entreprise\",\"isPartOf\":{\"@id\":\"https:\\\/\\\/apple.econocom.com\\\/business\\\/#website\"},\"datePublished\":\"2021-02-18T10:28:47+00:00\",\"dateModified\":\"2026-03-11T09:55:28+00:00\",\"description\":\"D\u00e9couvrez l'offre 360 d'Econocom pour r\u00e9ussir votre projet : approvisionnement, services, gestion de parc, s\u00e9curit\u00e9, financement...\",\"breadcrumb\":{\"@id\":\"https:\\\/\\\/apple.econocom.com\\\/business\\\/#breadcrumb\"},\"inLanguage\":\"fr-FR\",\"potentialAction\":[{\"@type\":\"ReadAction\",\"target\":[\"https:\\\/\\\/apple.econocom.com\\\/business\\\/\"]}]},{\"@type\":\"BreadcrumbList\",\"@id\":\"https:\\\/\\\/apple.econocom.com\\\/business\\\/#breadcrumb\",\"itemListElement\":[{\"@type\":\"ListItem\",\"position\":1,\"name\":\"Accueil\",\"item\":\"https:\\\/\\\/apple.econocom.com\\\/business\\\/\"},{\"@type\":\"ListItem\",\"position\":2,\"name\":\"Accueil landing 2022\"}]},{\"@type\":\"WebSite\",\"@id\":\"https:\\\/\\\/apple.econocom.com\\\/business\\\/#website\",\"url\":\"https:\\\/\\\/apple.econocom.com\\\/business\\\/\",\"name\":\"Apple Econocom Business\",\"description\":\"econocom - Apple Premium Business Partner\",\"potentialAction\":[{\"@type\":\"SearchAction\",\"target\":{\"@type\":\"EntryPoint\",\"urlTemplate\":\"https:\\\/\\\/apple.econocom.com\\\/business\\\/?s={search_term_string}\"},\"query-input\":{\"@type\":\"PropertyValueSpecification\",\"valueRequired\":true,\"valueName\":\"search_term_string\"}}],\"inLanguage\":\"fr-FR\"}]}<\/script>\n<!-- \/ Yoast SEO plugin. -->","yoast_head_json":{"title":"Apple Econocom Business by Econocom - D\u00e9ployer Apple en entreprise","description":"D\u00e9couvrez l'offre 360 d'Econocom pour r\u00e9ussir votre projet : approvisionnement, services, gestion de parc, s\u00e9curit\u00e9, financement...","robots":{"index":"index","follow":"follow","max-snippet":"max-snippet:-1","max-image-preview":"max-image-preview:large","max-video-preview":"max-video-preview:-1"},"canonical":"https:\/\/apple.econocom.com\/business\/","og_locale":"fr_FR","og_type":"article","og_title":"Apple Econocom Business by Econocom - D\u00e9ployer Apple en entreprise","og_description":"D\u00e9couvrez l'offre 360 d'Econocom pour r\u00e9ussir votre projet : approvisionnement, services, gestion de parc, s\u00e9curit\u00e9, financement...","og_url":"https:\/\/apple.econocom.com\/business\/","og_site_name":"Apple Econocom Business","article_modified_time":"2026-03-11T09:55:28+00:00","twitter_card":"summary_large_image","twitter_misc":{"Dur\u00e9e de lecture estim\u00e9e":"13 minutes"},"schema":{"@context":"https:\/\/schema.org","@graph":[{"@type":"WebPage","@id":"https:\/\/apple.econocom.com\/business\/","url":"https:\/\/apple.econocom.com\/business\/","name":"Apple Econocom Business by Econocom - D\u00e9ployer Apple en entreprise","isPartOf":{"@id":"https:\/\/apple.econocom.com\/business\/#website"},"datePublished":"2021-02-18T10:28:47+00:00","dateModified":"2026-03-11T09:55:28+00:00","description":"D\u00e9couvrez l'offre 360 d'Econocom pour r\u00e9ussir votre projet : approvisionnement, services, gestion de parc, s\u00e9curit\u00e9, financement...","breadcrumb":{"@id":"https:\/\/apple.econocom.com\/business\/#breadcrumb"},"inLanguage":"fr-FR","potentialAction":[{"@type":"ReadAction","target":["https:\/\/apple.econocom.com\/business\/"]}]},{"@type":"BreadcrumbList","@id":"https:\/\/apple.econocom.com\/business\/#breadcrumb","itemListElement":[{"@type":"ListItem","position":1,"name":"Accueil","item":"https:\/\/apple.econocom.com\/business\/"},{"@type":"ListItem","position":2,"name":"Accueil landing 2022"}]},{"@type":"WebSite","@id":"https:\/\/apple.econocom.com\/business\/#website","url":"https:\/\/apple.econocom.com\/business\/","name":"Apple Econocom Business","description":"econocom - Apple Premium Business Partner","potentialAction":[{"@type":"SearchAction","target":{"@type":"EntryPoint","urlTemplate":"https:\/\/apple.econocom.com\/business\/?s={search_term_string}"},"query-input":{"@type":"PropertyValueSpecification","valueRequired":true,"valueName":"search_term_string"}}],"inLanguage":"fr-FR"}]}},"_links":{"self":[{"href":"https:\/\/apple.econocom.com\/business\/wp-json\/wp\/v2\/pages\/3548","targetHints":{"allow":["GET"]}}],"collection":[{"href":"https:\/\/apple.econocom.com\/business\/wp-json\/wp\/v2\/pages"}],"about":[{"href":"https:\/\/apple.econocom.com\/business\/wp-json\/wp\/v2\/types\/page"}],"author":[{"embeddable":true,"href":"https:\/\/apple.econocom.com\/business\/wp-json\/wp\/v2\/users\/10"}],"replies":[{"embeddable":true,"href":"https:\/\/apple.econocom.com\/business\/wp-json\/wp\/v2\/comments?post=3548"}],"version-history":[{"count":20,"href":"https:\/\/apple.econocom.com\/business\/wp-json\/wp\/v2\/pages\/3548\/revisions"}],"predecessor-version":[{"id":11589,"href":"https:\/\/apple.econocom.com\/business\/wp-json\/wp\/v2\/pages\/3548\/revisions\/11589"}],"wp:attachment":[{"href":"https:\/\/apple.econocom.com\/business\/wp-json\/wp\/v2\/media?parent=3548"}],"curies":[{"name":"wp","href":"https:\/\/api.w.org\/{rel}","templated":true}]}}